{"id":2953,"date":"2025-01-21T10:40:50","date_gmt":"2025-01-21T09:40:50","guid":{"rendered":"https:\/\/lendo.biz\/index.php\/produkt\/stelaz-lozka-flex180x200-34-listwy-sprezynujace\/"},"modified":"2025-06-26T13:13:12","modified_gmt":"2025-06-26T11:13:12","slug":"stelaz-lozka-flex180x200-34-listwy-sprezynujace","status":"publish","type":"product","link":"https:\/\/lendo.biz\/index.php\/produkt\/stelaz-lozka-flex180x200-34-listwy-sprezynujace\/","title":{"rendered":"Stela\u017c \u0142\u00f3\u017cka FLEX180x200 34 listwy spr\u0119\u017cynuj\u0105ce"},"content":{"rendered":"<section class=\"section\">\n<div class=\"item item-12\">\n<section class=\"text-item\">\n<h1>Stela\u017c z listew spr\u0119\u017cynuj\u0105cych FLEX do \u0142\u00f3\u017cka o wymiarze 180&#215;200<\/h1>\n<\/section>\n<\/div>\n<\/section>\n<section class=\"section\">\n<div class=\"item item-12\">\n<section class=\"text-item\">Stela\u017c do \u0142\u00f3\u017cka to taka jego cz\u0119\u015b\u0107, kt\u00f3ra wbrew pozorom ma du\u017cy wp\u0142yw na to, jak b\u0119dzie nam si\u0119 spa\u0142o. Wp\u0142ywa nie tylko na kondycj\u0119 materaca, ale mo\u017ce by\u0107 tak\u017ce bardzo wygodnym uzupe\u0142nieniem ca\u0142ej konstrukcji.<\/p>\n<\/section>\n<\/div>\n<\/section>\n<section class=\"section\">\n<div class=\"item item-12\">\n<section class=\"image-item\"><img decoding=\"async\" src=\"https:\/\/upload.cdn.baselinker.com\/products\/5004861\/1fb26ef67c3a56474594212b75125ac1.jpg\" \/><\/section>\n<\/div>\n<\/section>\n<section class=\"section\">\n<div class=\"item item-12\">\n<section class=\"text-item\"><b>Stela\u017c drewniany spr\u0119\u017cysty FLEX:<\/b><\/p>\n<ul>\n<li>Pasuje do standardowych bok\u00f3w \u0142\u00f3\u017cek.<\/li>\n<li>Nadaje si\u0119 do wszystkich rodzaj\u00f3w materacy.<\/li>\n<li>\u0141atwy w monta\u017cu, trwa\u0142y i komfortowy.<\/li>\n<li><b>Wykonany z klejonych warstwowo listew bukowych<\/b>, wyprofilowanych w lekki \u0142uk zwi\u0119kszaj\u0105cy komfort i spr\u0119\u017cysto\u015b\u0107 materaca.<\/li>\n<li>Dwustronnie \u017cywicowane.<\/li>\n<li>Sk\u0142ada si\u0119 z dw\u00f3ch rz\u0119d\u00f3w listew spi\u0119tych syntetycznymi pasami o du\u017cej wytrzyma\u0142o\u015bci, gwarantuj\u0105cymi r\u00f3wnomierne i trwa\u0142e roz\u0142o\u017cenie listew na ramie \u0142\u00f3\u017cka.<\/li>\n<li>W zestawie nak\u0142adki z tworzywa sztucznego na listwy zapobiegaj\u0105ce skrzypieniu.<\/li>\n<\/ul>\n<\/section>\n<\/div>\n<\/section>\n<section class=\"section\">\n<div class=\"item item-6\">\n<section class=\"image-item\"><img decoding=\"async\" src=\"https:\/\/upload.cdn.baselinker.com\/products\/5004861\/cf9017df46e5ebf23148d0e0295ce0de.jpg\" \/><\/section>\n<\/div>\n<div class=\"item item-6\">\n<section class=\"image-item\"><img decoding=\"async\" src=\"https:\/\/upload.cdn.baselinker.com\/products\/5004861\/b833beb7ac88b25b14fb2163c867003b.jpg\" \/><\/section>\n<\/div>\n<\/section>\n<section class=\"section\">\n<div class=\"item item-6\">\n<section class=\"text-item\">Stela\u017c elastyczny typu flex to udoskonalona wersja klasycznej konstrukcji. Listwy s\u0105 odpowiednio profilowane, dzi\u0119ki temu przy nacisku uginaj\u0105 si\u0119 delikatnie. Dla zwi\u0119kszonej wytrzyma\u0142o\u015bci listew wykonuje si\u0119 je klej\u0105c drewno warstwowo.<\/p>\n<p><b>Wymiar listwy:<\/b><\/p>\n<ul>\n<li>szeroko\u015b\u0107: 53 mm<\/li>\n<li>grubo\u015b\u0107: 8 mm<\/li>\n<li>d\u0142ugo\u015b\u0107: 895 mm<\/li>\n<\/ul>\n<\/section>\n<\/div>\n<div class=\"item item-6\">\n<section class=\"image-item\"><img decoding=\"async\" src=\"https:\/\/upload.cdn.baselinker.com\/products\/5004861\/29cc85b01516c1a638b108422ace0233.jpg\" \/><\/section>\n<\/div>\n<\/section>\n<section class=\"section\">\n<div class=\"item item-12\">\n<section class=\"text-item\">Oferowany zestaw zawiera dwa niezale\u017cne stela\u017ce o d\u0142ugo\u015bci 1950 mm i szeroko\u015bci 895 mm ka\u017cdy (mierzonych bez nak\u0142adek plastikowych).<\/p>\n<p><b>Zestaw sk\u0142ada si\u0119 z:<\/b><\/p>\n<ul>\n<li>dw\u00f3ch stela\u017cy sk\u0142adaj\u0105cych si\u0119 z 17 listew ka\u017cdy,<\/li>\n<li>listwy w stela\u017cach spi\u0119te s\u0105 syntetycznymi ta\u015bmami,<\/li>\n<li>68 nasadek,<\/li>\n<li>8 wkr\u0119t\u00f3w.<\/li>\n<\/ul>\n<p>Jest przeznaczony pod materaca o wymiarach\u00a0<b>180&#215;200<\/b>\u00a0cm.<\/p>\n<\/section>\n<\/div>\n<\/section>\n<section class=\"section\">\n<div class=\"item item-6\">\n<section class=\"image-item\"><img decoding=\"async\" src=\"https:\/\/upload.cdn.baselinker.com\/products\/5004861\/22045cf6951bf35637b52f62e1428b26.jpg\" \/><\/section>\n<\/div>\n<div class=\"item item-6\">\n<section class=\"image-item\"><img decoding=\"async\" src=\"https:\/\/upload.cdn.baselinker.com\/products\/5004861\/22045cf6951bf35637b52f62e1428b26.jpg\" \/><\/section>\n<\/div>\n<\/section>\n<section class=\"section\">\n<div class=\"item item-12\">\n<section class=\"text-item\">Wielk\u0105 zalet\u0105 tego stela\u017ca jest to, \u017ce przejmuje on \u00a0ci\u0119\u017car cia\u0142a z materaca, kt\u00f3ry zostaje w ten spos\u00f3b odci\u0105\u017cony. To wyd\u0142u\u017ca jego \u017cywotno\u015b\u0107.<\/p>\n<\/section>\n<\/div>\n<\/section>\n<section class=\"section\">\n<div class=\"item item-12\">\n<section class=\"text-item\">\n<h2>Widoczny spos\u00f3b monta\u017cu zaprezentowany jest na przyk\u0142adzie stela\u017ca sk\u0142adaj\u0105cego si\u0119 z 23 listew.<\/h2>\n<\/section>\n<\/div>\n<\/section>\n<section class=\"section\">\n<div class=\"item item-6\">\n<section class=\"image-item\"><img decoding=\"async\" src=\"https:\/\/upload.cdn.baselinker.com\/products\/5004861\/4f689168fe6ac698f4b7a720d7a6d3f4.jpg\" \/><\/section>\n<\/div>\n<div class=\"item item-6\">\n<section class=\"image-item\"><img decoding=\"async\" src=\"https:\/\/upload.cdn.baselinker.com\/products\/5004861\/18d85fee6035dc558843bcb7b59e33ae.jpg\" \/><\/section>\n<\/div>\n<\/section>\n<section class=\"section\">\n<div class=\"item item-12\">\n<section class=\"text-item\">Roz\u0142o\u017cony stela\u017c (pierwsz\u0105 i ostatni\u0105 listw\u0119) nale\u017cy przykr\u0119ci\u0107 wkr\u0119tami w miejscu zaznaczonym na rysunku. Zapobiegnie to przesuwaniu si\u0119 stela\u017ca.<\/p>\n<\/section>\n<\/div>\n<\/section>\n<section class=\"section\">\n<div class=\"item item-6\">\n<section class=\"image-item\"><img decoding=\"async\" src=\"https:\/\/upload.cdn.baselinker.com\/products\/5004861\/deacb2662fd98991924ad8a638cc8cdd.jpg\" \/><\/section>\n<\/div>\n<div class=\"item item-6\">\n<section class=\"text-item\"><b>Stela\u017c wymaga podparcia na ca\u0142ej d\u0142ugo\u015bci listew bocznych i\u00a0<\/b><b>na ca\u0142ej d\u0142ugo\u015bci cz\u0119\u015bci \u015brodkowej,<\/b><b>\u00a0wymagana rama \u0142\u00f3\u017cka.<\/b><\/p>\n<\/section>\n<\/div>\n<\/section>\n<section class=\"section\">\n<div class=\"item item-12\">\n<section class=\"text-item\">Do stela\u017ca do\u0142\u0105czamy standardowe nasadki (<b>NA2<\/b>) widoczne na zdj\u0119ciu poni\u017cej. Przeznaczone s\u0105 one do ramy \u0142\u00f3\u017cka nie szerszej ni\u017c 24 mm.<\/p>\n<\/section>\n<\/div>\n<\/section>\n<section class=\"section\">\n<div class=\"item item-6\">\n<section class=\"image-item\"><img decoding=\"async\" src=\"https:\/\/upload.cdn.baselinker.com\/products\/5004861\/100146b76292a78c22f2a6800bbaacc1.jpg\" \/><\/section>\n<\/div>\n<div class=\"item item-6\">\n<section class=\"image-item\"><img decoding=\"async\" src=\"https:\/\/upload.cdn.baselinker.com\/products\/5004861\/6b204c4e0de728009f3a4291fef1798e.jpg\" \/><\/section>\n<\/div>\n<\/section>\n<section class=\"section\">\n<div class=\"item item-12\">\n<section class=\"text-item\">Je\u015bli posiadaj\u0105 Pa\u0144stwo szersz\u0105 ram\u0119, zalecamy nasadki (<b>NA3<\/b>) pokazane na zdj\u0119ciu poni\u017cej. Dokonuj\u0105c mota\u017cu stela\u017ca z tymi nasadkami nale\u017cy pierwsz\u0105 i ostatni\u0105 listw\u0119 nawierci\u0107 i przymocowa\u0107 do ramy za pomoc\u0105 wkr\u0119t\u00f3w otrzymanych w zestawie.<\/p>\n<\/section>\n<\/div>\n<\/section>\n<section class=\"section\">\n<div class=\"item item-6\">\n<section class=\"image-item\"><img decoding=\"async\" src=\"https:\/\/upload.cdn.baselinker.com\/products\/5004861\/5bdfe80d29862bbf9105b366356a4b6a.jpg\" \/><\/section>\n<\/div>\n<div class=\"item item-6\">\n<section class=\"image-item\"><img decoding=\"async\" src=\"https:\/\/upload.cdn.baselinker.com\/products\/5004861\/5b5c4b82f754c3901fa808c8bd546cd1.png\" \/><\/section>\n<\/div>\n<\/section>\n<section class=\"section\">\n<div class=\"item item-12\">\n<section class=\"text-item\">\n<h2>O zmianie nasadek nale\u017cy poinformowa\u0107 sprzedawc\u0119 wpisuj\u0105c tak\u0105 informacj\u0119 w &#8222;Uwagach do sprzedaj\u0105cego&#8221;. W przypadku braku takiej informacji wy\u015blemy nasadki standardowe (NA2).<\/h2>\n<\/section>\n<\/div>\n<\/section>\n<section class=\"section\">\n<div class=\"item item-12\">\n<section class=\"text-item\">Na pozosta\u0142ych naszych aukcjach znajduj\u0105 si\u0119 tak\u017ce stela\u017ce w innych wymiarach:<\/p>\n<ul>\n<li>140&#215;70<\/li>\n<li>160&#215;70<\/li>\n<li>160&#215;80<\/li>\n<li>180&#215;80<\/li>\n<li>180&#215;90<\/li>\n<li>190&#215;80<\/li>\n<li>190&#215;90<\/li>\n<li>200&#215;60<\/li>\n<li>200&#215;70<\/li>\n<li>200&#215;80<\/li>\n<li>200&#215;90<\/li>\n<li>200&#215;120<\/li>\n<li>200&#215;140<\/li>\n<li>200&#215;160<\/li>\n<\/ul>\n<\/section>\n<\/div>\n<\/section>\n","protected":false},"excerpt":{"rendered":"<p>Stela\u017c z listew spr\u0119\u017cynuj\u0105cych FLEX do \u0142\u00f3\u017cka o wymiarze 180&#215;200 Stela\u017c do \u0142\u00f3\u017cka to taka jego cz\u0119\u015b\u0107, kt\u00f3ra wbrew pozorom ma du\u017cy wp\u0142yw na to, jak b\u0119dzie nam si\u0119 spa\u0142o. Wp\u0142ywa nie tylko na kondycj\u0119 materaca, ale mo\u017ce by\u0107 tak\u017ce bardzo wygodnym uzupe\u0142nieniem ca\u0142ej konstrukcji. Stela\u017c drewniany spr\u0119\u017cysty FLEX: Pasuje do standardowych bok\u00f3w \u0142\u00f3\u017cek. Nadaje [&hellip;]<\/p>\n","protected":false},"featured_media":2940,"comment_status":"open","ping_status":"closed","template":"","meta":[],"product_brand":[],"product_cat":[24],"product_tag":[],"class_list":{"0":"post-2953","1":"product","2":"type-product","3":"status-publish","4":"has-post-thumbnail","6":"product_cat-stelaze","7":"product_shipping_class-stelaze-podwojne","9":"first","10":"instock","11":"taxable","12":"shipping-taxable","13":"purchasable","14":"product-type-simple"},"_links":{"self":[{"href":"https:\/\/lendo.biz\/index.php\/wp-json\/wp\/v2\/product\/2953","targetHints":{"allow":["GET"]}}],"collection":[{"href":"https:\/\/lendo.biz\/index.php\/wp-json\/wp\/v2\/product"}],"about":[{"href":"https:\/\/lendo.biz\/index.php\/wp-json\/wp\/v2\/types\/product"}],"replies":[{"embeddable":true,"href":"https:\/\/lendo.biz\/index.php\/wp-json\/wp\/v2\/comments?post=2953"}],"version-history":[{"count":1,"href":"https:\/\/lendo.biz\/index.php\/wp-json\/wp\/v2\/product\/2953\/revisions"}],"predecessor-version":[{"id":3020,"href":"https:\/\/lendo.biz\/index.php\/wp-json\/wp\/v2\/product\/2953\/revisions\/3020"}],"wp:featuredmedia":[{"embeddable":true,"href":"https:\/\/lendo.biz\/index.php\/wp-json\/wp\/v2\/media\/2940"}],"wp:attachment":[{"href":"https:\/\/lendo.biz\/index.php\/wp-json\/wp\/v2\/media?parent=2953"}],"wp:term":[{"taxonomy":"product_brand","embeddable":true,"href":"https:\/\/lendo.biz\/index.php\/wp-json\/wp\/v2\/product_brand?post=2953"},{"taxonomy":"product_cat","embeddable":true,"href":"https:\/\/lendo.biz\/index.php\/wp-json\/wp\/v2\/product_cat?post=2953"},{"taxonomy":"product_tag","embeddable":true,"href":"https:\/\/lendo.biz\/index.php\/wp-json\/wp\/v2\/product_tag?post=2953"}],"curies":[{"name":"wp","href":"https:\/\/api.w.org\/{rel}","templated":true}]}}