{"id":2844,"date":"2025-01-21T10:35:06","date_gmt":"2025-01-21T09:35:06","guid":{"rendered":"https:\/\/lendo.biz\/index.php\/produkt\/tasma-nosna-polipropylenowa-parciana-25mm-6mb\/"},"modified":"2025-12-31T17:34:33","modified_gmt":"2025-12-31T16:34:33","slug":"tasma-nosna-polipropylenowa-parciana-25mm-6mb","status":"publish","type":"product","link":"https:\/\/lendo.biz\/index.php\/produkt\/tasma-nosna-polipropylenowa-parciana-25mm-6mb\/","title":{"rendered":"Ta\u015bma no\u015bna polipropylenowa parciana 25mm 6mb"},"content":{"rendered":"<section class=\"section\">\n<div class=\"item item-12\">\n<section class=\"text-item\">\n<h1>Ta\u015bma no\u015bna polipropylenowa 25 mm czarna<\/h1>\n<\/section>\n<\/div>\n<\/section>\n<section class=\"section\">\n<div class=\"item item-6\">\n<section class=\"text-item\">Ta\u015bma no\u015bna wykonana z polipropylenu jest wytrzyma\u0142a i odporna na czynniki mechaniczne. Wysok\u0105 trwa\u0142o\u015b\u0107 oraz dobr\u0105 no\u015bno\u015b\u0107 wykorzystuje si\u0119 w produkcji toreb, plecak\u00f3w, mebli plecionych, noside\u0142ek dla dzieci, smyczy zwierz\u0119cych, rolet, czy te\u017c akcesori\u00f3w sportowych.<\/p>\n<\/section>\n<\/div>\n<div class=\"item item-6\">\n<section class=\"image-item\"><img decoding=\"async\" src=\"https:\/\/upload.cdn.baselinker.com\/products\/5004861\/4fc09710dcc7c63be41485f1901e93a3.jpg\" \/><\/section>\n<\/div>\n<\/section>\n<section class=\"section\">\n<div class=\"item item-6\">\n<section class=\"image-item\"><img decoding=\"async\" src=\"https:\/\/upload.cdn.baselinker.com\/products\/5004861\/020a9048073fd4331af96c848103ecf3.jpg\" \/><\/section>\n<\/div>\n<div class=\"item item-6\">\n<section class=\"text-item\"><b>Dane techniczne:<\/b><\/p>\n<p>szeroko\u015b\u0107: <b>25 mm<\/b><\/p>\n<p>grubo\u015b\u0107: <b>0,95\u00a0mm<\/b><\/p>\n<p>kolor:<b> czarny<\/b><\/p>\n<p>sk\u0142ad: <b>polipropylen<\/b><\/p>\n<\/section>\n<\/div>\n<\/section>\n<section class=\"section\">\n<div class=\"item item-12\">\n<section class=\"text-item\">Wysokiej jako\u015bci ta\u015bma parciana z w\u0142\u00f3kien polipropylenowych.<\/p>\n<p>Ta\u015bma odznacza si\u0119 r\u00f3wnym i g\u0119stym splotem.\u00a0Ta\u015bma odporna na UV.<\/p>\n<h2>Oferta dotyczy 6 metr\u00f3w bie\u017c\u0105cych ta\u015bmy.<\/h2>\n<p>Kupuj\u0105c wi\u0119cej ni\u017c 1 sztuk\u0119 otrzymasz ta\u015bm\u0119\u00a0<b>w jednym kawa\u0142ku<\/b> (np. przy zakupie 2 sztuk otrzymujesz 12 metr\u00f3w ta\u015bmy w jednym kawa\u0142ku).<\/p>\n<p>Maksymalna d\u0142ugo\u015b\u0107 jednego kawa\u0142ka to 48 metr\u00f3w bie\u017c\u0105cych.<\/p>\n<\/section>\n<\/div>\n<\/section>\n<section class=\"section\">\n<div class=\"item item-6\">\n<section class=\"image-item\"><img decoding=\"async\" src=\"https:\/\/upload.cdn.baselinker.com\/products\/5004861\/30c785e6ad6055a6451f97755f2ddb5c.jpg\" \/><\/section>\n<\/div>\n<div class=\"item item-6\">\n<section class=\"image-item\"><img decoding=\"async\" src=\"https:\/\/upload.cdn.baselinker.com\/products\/5004861\/c20e986d8dcd1ddd9bd5ef4b5ac37fb4.jpg\" \/><\/section>\n<\/div>\n<\/section>\n<section class=\"section\">\n<div class=\"item item-6\">\n<section class=\"image-item\"><img decoding=\"async\" src=\"https:\/\/upload.cdn.baselinker.com\/products\/5004861\/c8014cf84adbbfc1963fe58ee9f946b3.jpg\" \/><\/section>\n<\/div>\n<div class=\"item item-6\">\n<section class=\"image-item\"><img decoding=\"async\" src=\"https:\/\/upload.cdn.baselinker.com\/products\/5004861\/e554ebdd13b961b1c91ab6e598b4e736.jpg\" \/><\/section>\n<\/div>\n<\/section>\n","protected":false},"excerpt":{"rendered":"<p>Ta\u015bma no\u015bna polipropylenowa 25 mm czarna Ta\u015bma no\u015bna wykonana z polipropylenu jest wytrzyma\u0142a i odporna na czynniki mechaniczne. Wysok\u0105 trwa\u0142o\u015b\u0107 oraz dobr\u0105 no\u015bno\u015b\u0107 wykorzystuje si\u0119 w produkcji toreb, plecak\u00f3w, mebli plecionych, noside\u0142ek dla dzieci, smyczy zwierz\u0119cych, rolet, czy te\u017c akcesori\u00f3w sportowych. Dane techniczne: szeroko\u015b\u0107: 25 mm grubo\u015b\u0107: 0,95\u00a0mm kolor: czarny sk\u0142ad: polipropylen Wysokiej jako\u015bci ta\u015bma [&hellip;]<\/p>\n","protected":false},"featured_media":2838,"comment_status":"open","ping_status":"closed","template":"","meta":[],"product_brand":[],"product_cat":[24],"product_tag":[],"class_list":{"0":"post-2844","1":"product","2":"type-product","3":"status-publish","4":"has-post-thumbnail","6":"product_cat-stelaze","7":"product_shipping_class-paczkomat","9":"first","10":"instock","11":"taxable","12":"shipping-taxable","13":"purchasable","14":"product-type-simple"},"_links":{"self":[{"href":"https:\/\/lendo.biz\/index.php\/wp-json\/wp\/v2\/product\/2844","targetHints":{"allow":["GET"]}}],"collection":[{"href":"https:\/\/lendo.biz\/index.php\/wp-json\/wp\/v2\/product"}],"about":[{"href":"https:\/\/lendo.biz\/index.php\/wp-json\/wp\/v2\/types\/product"}],"replies":[{"embeddable":true,"href":"https:\/\/lendo.biz\/index.php\/wp-json\/wp\/v2\/comments?post=2844"}],"version-history":[{"count":1,"href":"https:\/\/lendo.biz\/index.php\/wp-json\/wp\/v2\/product\/2844\/revisions"}],"predecessor-version":[{"id":2864,"href":"https:\/\/lendo.biz\/index.php\/wp-json\/wp\/v2\/product\/2844\/revisions\/2864"}],"wp:featuredmedia":[{"embeddable":true,"href":"https:\/\/lendo.biz\/index.php\/wp-json\/wp\/v2\/media\/2838"}],"wp:attachment":[{"href":"https:\/\/lendo.biz\/index.php\/wp-json\/wp\/v2\/media?parent=2844"}],"wp:term":[{"taxonomy":"product_brand","embeddable":true,"href":"https:\/\/lendo.biz\/index.php\/wp-json\/wp\/v2\/product_brand?post=2844"},{"taxonomy":"product_cat","embeddable":true,"href":"https:\/\/lendo.biz\/index.php\/wp-json\/wp\/v2\/product_cat?post=2844"},{"taxonomy":"product_tag","embeddable":true,"href":"https:\/\/lendo.biz\/index.php\/wp-json\/wp\/v2\/product_tag?post=2844"}],"curies":[{"name":"wp","href":"https:\/\/api.w.org\/{rel}","templated":true}]}}